95230. Calculate l(-20).
50
Let i(z) = -2*z**2 - 238*z - 6415. Give i(-103).
-3119
Let k(b) = 5*b + 226. Give k(97).
711
Let i(g) = 205*g - 21146. What is i(107)?
789
Let l(g) = 783118*g - 24276653. Give l(31).
5
Let d(p) = -3*p**2 + 564*p + 95914. Give d(296).
10
Let j(c) = 974*c + 80. What is j(1)?
1054
Let w(s) = -293*s - 15468. Calculate w(-41).
-3455
Let s(c) = -10*c**2 + 553*c + 3892. Calculate s(-7).
-469
Let n(k) = -58*k**3 - 337*k**2 + k + 42. Give n(-6).
432
Let a(p) = 6*p**3 + 127*p**2 - 388. What is a(-21)?
53
Let p(x) = 465006*x - 465013. What is p(1)?
-7
Let k(w) = w**2 + 524*w + 52522. Give k(-135).
7
Let z(i) = -i**3 + i**2 - 2629*i + 13168. Determine z(5).
-77
Let s(g) = 5*g**2 - 770*g + 216. What is s(151)?
-2049
Let y(n) = 3*n**2 + 212*n - 941. Give y(-75).
34
Let d(s) = -2*s**3 + 219*s**2 - 2759*s + 445. What is d(95)?
65
Let t(s) = -240835*s + 5298380. Determine t(22).
10
Let r(w) = w**3 + 123*w**2 - 377*w + 121. Give r(-126).
-5
Let x(s) = -2*s**3 + 31*s**2 - 53*s + 892. Determine x(17).
-876
Let s(n) = n**2 - 255*n + 12837. Give s(61).
1003
Let s(y) = -33609*y + 201683. Calculate s(6).
29
Let a(x) = 4*x**3 - 315*x**2 - 1037*x - 2248. Determine a(82).
130
Let c(z) = 77*z**3 - 25099*z**2 - 978*z + 40. Calculate c(326).
40
Let l(a) = -160*a**3 - 999*a**2 - 239*a - 37. Calculate l(-6).
-7
Let u(s) = -84*s**2 - 561*s + 25. Give u(-7).
-164
Let a(w) = w**2 - 2724*w + 139042. What is a(52)?
98
Let m(w) = 575*w + 34847. Calculate m(-60).
347
Let x(g) = g**3 + 51*g**2 - 604*g + 123. Calculate x(-61).
-243
Let v(r) = -258*r**2 - 2784*r - 1. What is v(-7)?
6845
Let s(y) = 3*y**2 - 63*y + 57. What is s(36)?
1677
Let t(x) = -5*x**3 - 26*x**2 + 10*x - 15. Calculate t(-6).
69
Let v(h) = -16*h**3 + 139*h**2 + 171*h - 2609. Determine v(6).
-35
Let x(p) = 73*p - 630. Give x(9).
27
Let z(v) = -5923*v + 657456. Give z(111).
3
Let q(d) = 6*d**3 - 5377*d**2 - 4604*d + 106747. Determine q(897).
4
Let a(l) = -2*l**2 - 82*l + 1909. What is a(17)?
-63
Let v(y) = -y**3 - 40*y**2 - 180*y + 1081. What is v(-32)?
-1351
Let d(r) = -3*r**2 - 96*r - 261. Determine d(-32).
-261
Let y(l) = 10444*l + 950400. Give y(-91).
-4
Let b(h) = -h**3 + 81*h**2 + 45097*h - 23760. What is b(-176)?
0
Let n(j) = -1200*j + 3486. Calculate n(3).
-114
Let q(p) = -4*p**2 - 45394*p + 1776454. Determine q(39).
4
Let l(y) = -9*y**3 + 25*y**2 + 78*y + 57. Determine l(-2).
73
Let l(z) = -z**3 - 2*z**2 - 162*z - 2045. What is l(-9)?
-20
Let y(j) = 1339*j - 12086. What is y(9)?
-35
Let z(u) = -2*u**3 + 72*u**2 - 442*u + 4. Give z(6).
-488
Let q(f) = 5*f**3 + 244*f**2 - 3361*f - 78. Calculate q(-60).
-18
Let f(t) = 9782*t + 67378. Determine f(-7).
-1096
Let u(i) = 2*i**2 - 714*i - 226. Calculate u(0).
-226
Let w(o) = 298*o - 100. Calculate w(0).
-100
Let v(f) = -440*f + 50552. Give v(114).
392
Let v(b) = -140*b + 3360. What is v(23)?
140
Let t(m) = -13*m**2 + 20527*m + 331771. Determine t(1595).
11
Let x(l) = 166*l**2 - 4706*l - 9416. Calculate x(-2).
660
Let g(p) = -57*p - 5949. Give g(-90).
-819
Let y(t) = -337953*t + 2027723. What is y(6)?
5
Let k(g) = 1240*g + 247956. What is k(-200)?
-44
Let f(l) = 2505*l - 468449. Calculate f(187).
-14
Let r(i) = -i**3 + 25*i**2 + 161*i - 1662. Give r(28).
494
Let o(r) = -6*r**2 + 9413*r - 138308. What is o(1554)?
-2
Let g(q) = -21619*q**2 - 21653*q. Give g(-1).
34
Let b(j) = j**3 - 6*j**2 - 749*j - 1483. Determine b(-2).
-17
Let w(g) = -91*g**2 - 25067*g - 11551. What is w(-275)?
-1
Let p(m) = 1076*m - 409964. Give p(381).
-8
Let v(q) = -2*q**3 - 24*q**2 - 63*q - 71. Determine v(-10).
159
Let o(z) = 309*z**3 - 14*z**2 - 81*z - 66. Calculate o(-1).
-308
Let p(u) = -586*u - 15361. Determine p(-26).
-125
Let h(x) = x**2 - 5425*x + 923826. What is h(176)?
2
Let t(m) = -615*m**2 - 602*m + 3. Give t(-1).
-10
Let a(d) = 25550*d - 6310879. Calculate a(247).
-29
Let w(f) = -6*f**2 + 1282*f + 6509. What is w(-5)?
-51
Let s(w) = -w**3 - 41*w**2 + 841*w + 30. Calculate s(15).
45
Let q(m) = -26*m**2 + 18*m + 27. Determine q(-4).
-461
Let n(c) = c**3 + 16*c**2 - 25*c - 731. Calculate n(-14).
11
Let d(u) = 4*u**3 - 677*u**2 - 508*u - 165. Give d(170).
175
Let u(v) = -7*v**3 + 239*v**2 + 1290*v + 113. Determine u(39).
-1291
Let u(m) = -16*m**3 - 288*m**2 - 4*m + 36. What is u(-18)?
108
Let i(d) = 3*d**3 - 202*d**2 + 251*d - 127. Calculate i(66).
-985
Let d(h) = -7*h**2 - 1160*h - 80. Give d(-165).
745
Let f(d) = -16*d**2 + 57*d + 27. Give f(8).
-541
Let o(t) = t**3 - 3*t**2 - 168*t + 223. Calculate o(14).
27
Let n(g) = -g**3 - 678*g**2 + 5652*g + 112498. What is n(-686)?
-6
Let q(l) = 1567*l**2 - 4630*l - 13. Determine q(3).
200
Let s(v) = 3*v**3 + 16*v**2 + 12*v + 20. Calculate s(-5).
-15
Let f(q) = -q**3 - 17*q**2 + 12*q - 1436. Give f(-21).
76
Let u(g) = -g**3 - 18*g**2 + 349*g - 305. Determine u(-30).
25
Let p(u) = u**3 - 37*u**2 - 134*u + 4. Calculate p(-3).
46
Let t(a) = a**2 + 894*a - 19986. Calculate t(22).
166
Let r(g) = -187*g**3 - 2793*g**2 + 182*g - 4. What is r(-15)?
-34
Let v(l) = 1113*l + 13392. Determine v(-12).
36
Let w(y) = 171499*y + 14920416. Calculate w(-87).
3
Let r(h) = 149355*h - 746779. Determine r(5).
-4
Let c(f) = -182*f + 10904. What is c(62)?
-380
Let m(z) = 7*z**3 + 4966*z**2 - 2845*z - 3666. Give m(-710).
-116
Let r(u) = 9*u**3 - 80*u**2 + 94*u + 130. Calculate r(2).
70
Let x(l) = 241*l - 33016. Give x(137).
1
Let z(a) = 206*a - 44107. Calculate z(214).
-23
Let g(t) = t**3 + 127*t**2 + 26*t - 12599. Give g(-126).
1
Let b(f) = 122*f**2 - 4294*f + 851. What is b(35)?
11
Let t(l) = 11635*l + 116245. Give t(-10).
-105
Let s(m) = 265*m - 39265. Calculate s(149).
220
Let j(s) = 76426*s - 76664. Give j(1).
-238
Let r(f) = -f**3 - f**2 + 8*f - 11. Calculate r(-9).
565
Let u(m) = -17*m**2 + 27578*m + 55157. Calculate u(-2).
-67
Let p(o) = o**2 - 1195*o - 178955. Give p(-135).
595
Let w(b) = 5*b**2 - 603*b - 601. Determine w(-1).
7
Let n(u) = -33*u**3 + 2*u**2 - 21*u - 81. Give n(-3).
891
Let a(r) = -18*r**2 + 314*r + 1108. What is a(-3)?
4
Let j(d) = -4*d**3 + 34*d**2 - 59*d + 105. What is j(7)?
-14
Let m(o) = 5639*o - 11224. Determine m(2).
54
Let z(w) = -3137*w + 31315. Determine z(10).
-55
Let b(k) = 176*k + 15727. What is b(-92)?
-465
Let i(m) = 15469*m + 1283861. Calculate i(-83).
-66
Let a(s) = s**2 + 304*s + 36. Determine a(0).
36
Let t(a) = -2478*a - 6000. What is t(-3)?
1434
Let p(a) = -a**3 - 13*a**2 + 68*a - 79. Determine p(4).
-79
Let h(r) = -10*r**2 - 897*r + 303340. What is h(135)?
-5
Let g(k) = k**2 + 28323*k - 765450. What is g(27)?
0
Let y(p) = -p**2 - 25112*p + 880086. Calculate y(35).
-59
Let s(o) = -8*o**2 + 480*o - 2922. Calculate s(6).
-330
Let f(p) = 44*p**2 - 12164*p - 24324. Calculate f(-2).
180
Let t(u) = u**2 - 147*u - 15. Determine t(-10).
1555
Let t(u) = -u**3 - 47*u**2 - 543*u + 82. Give t(-24).
-134
Let o(s) = 11*s**2 + 187*s - 4344. Determine o(13).
-54
Let p(k) = -2*k**3 + 18*k**2 - 289*k + 3676. What is p(11)?
13
Let p(h) = 49082*h + 245424. What is p(-5)?
14
Let q(y) = -33107*y - 463486. What is q(-14)?
12
Let c(z) = 15785*z - 584017. Give c(37).
28
Let z(i) = 672*i + 19610. Give z(-31).
-1222
Let h(w) = -5*w**2 + 690*w - 9122. Determine h(15).
103
Let z(d) = -41*d - 207. What is z(20)?
-1027
Let v(y) = 5545*y - 88786. Determine v(16).
-66
Let p(i) = -i**3 + 2*i**2 + 3183*i - 2896. What is p(57)?
-160
Let m(h) = -4833*h - 449070. Determine m(-93).
399
Let m(f) = 275812*f + 23995638. Give m(-87).
-6
Let u(i) = -6440*i - 19327. What is u(-3)?
-7
Let z(h) = h**2 + 50*h - 104985. Determine z(-350).
15
Let t(f) = -1930*f - 114951. Give t(-60).
849
Let v(u) = -6*u**3 + 79*u**2 - 163*u + 1954. Calculate v(13).
4
Let f(r) = -35*r**2 - 16797*r + 1450. Calculate f(-480).
10
Let c(a) = -851325*a + 3405337. Give c(4).
37
Let p(g) = -39*g**2 + 5103*g + 5901. Calculate p(132).
-39
Let k(l) = -2*l**3 + 136*l**2 - 529*l + 17. Calculate k(4).
-51
Let p(b) = b**2 + 113051*b - 9276903. Calculate p(82).
3
Let b(g) = g**2 - 301*g + 4268. Give b(15).
-22
Let y(m) = -970*m - 696. What is y(-1)?
274
Let x(j) = -j**3 - 23*j**2 + 900*j + 15330. Determine x(-15).
30
Let s(t) = 6*t**3 + 134*t**2 - 16*t + 413. What is s(-23)?
-1335
Let f(n) = 20*n**2 - 407*n - 1779. What is f(24)?
-27
Let w(u) = 3*u**3 + 404*u**2 - 557*u - 1